t of 2451?
4
What is the hundreds digit of 38334?
3
What is the tens digit of 6325?
2
What is the units digit of 76731?
1
What is the ten thousands digit of 22882?
2
What is the tens digit of 101234?
3
What is the thousands digit of 11859?
1
What is the units digit of 68201?
1
What is the tens digit of 5263?
6
What is the thousands digit of 3990?
3
What is the units digit of 94?
4
What is the units digit of 20661?
1
What is the tens digit of 1164?
6
What is the thousands digit of 2928?
2
What is the hundreds digit of 37694?
6
What is the units digit of 91?
1
What is the hundreds digit of 189?
1
What is the thousands digit of 39354?
9
What is the tens digit of 8974?
7
What is the units digit of 32454?
4
What is the hundreds digit of 6730?
7
What is the tens digit of 103837?
3
What is the tens digit of 3130?
3
What is the units digit of 658?
8
What is the tens digit of 3164?
6
What is the hundreds digit of 6355?
3
What is the ten thousands digit of 69556?
6
What is the tens digit of 6616?
1
What is the tens digit of 873?
7
What is the units digit of 10854?
4
What is the units digit of 40679?
9
What is the units digit of 2191?
1
What is the hundreds digit of 1660?
6
What is the units digit of 41715?
5
What is the hundreds digit of 5192?
1
What is the hundreds digit of 9014?
0
What is the units digit of 65723?
3
What is the ten thousands digit of 10144?
1
What is the hundreds digit of 900?
9
What is the thousands digit of 2454?
2
What is the units digit of 31588?
8
What is the hundreds digit of 673?
6
What is the units digit of 35790?
0
What is the hundred thousands digit of 182380?
1
What is the hundreds digit of 735?
7
What is the thousands digit of 25936?
5
What is the tens digit of 1317?
1
What is the tens digit of 1049?
4
What is the tens digit of 105215?
1
What is the units digit of 71740?
0
What is the hundreds digit of 68791?
7
What is the thousands digit of 5500?
5
What is the thousands digit of 1181?
1
What is the ten thousands digit of 41957?
4
What is the units digit of 39357?
7
What is the units digit of 25016?
6
What is the units digit of 81?
1
What is the ten thousands digit of 46974?
4
What is the units digit of 6561?
1
What is the ten thousands digit of 35111?
3
What is the units digit of 44514?
4
What is the thousands digit of 1039?
1
What is the units digit of 50?
0
What is the hundreds digit of 5742?
7
What is the units digit of 522?
2
What is the hundreds digit of 2297?
2
What is the tens digit of 3828?
2
What is the hundreds digit of 80240?
2
What is the tens digit of 9238?
3
What is the hundreds digit of 1743?
7
What is the units digit of 30154?
4
What is the hundreds digit of 2903?
9
What is the thousands digit of 1574?
1
What is the hundreds digit of 866?
8
What is the tens digit of 23601?
0
What is the units digit of 711?
1
What is the thousands digit of 5235?
5
What is the hundreds digit of 1611?
6
What is the hundreds digit of 180?
1
What is the tens digit of 7082?
8
What is the units digit of 154476?
6
What is the hundreds digit of 2065?
0
What is the tens digit of 6888?
8
What is the ten thousands digit of 53888?
5
What is the ten thousands digit of 136742?
3
What is the hundreds digit of 4756?
7
What is the units digit of 41433?
3
What is the units digit of 1501?
1
What is the tens digit of 560?
6
What is the ten thousands digit of 85890?
8
What is the tens digit of 7700?
0
What is the tens digit of 1049?
4
What is the hundreds digit of 19503?
5
What is the thousands digit of 9781?
9
What is the thousands digit of 5599?
5
What is the units digit of 1130?
0
What is the hundreds digit of 75850?
8
What is the tens digit of 40108?
0
What is the thousands digit of 1130?
1
What is the hundreds digit of 1893?
8
What is the units digit of 497?
7
What is the units digit of 60?
0
What is the hundreds digit of 945?
9
What is the hundreds digit of 4097?
0
What is the hundreds digit of 2447?
4
What is the hundred thousands digit of 100144?
1
What is the tens digit of 4582?
8
What is the hundreds digit of 596?
5
What is the hundreds digit of 164?
1
What is the hundreds digit of 9834?
8
What is the hundreds digit of 44590?
5
What is the hundreds digit of 53474?
4
What is the hundreds digit of 5530?
5
What is the units digit of 905?
5
What is the hundreds digit of 5845?
8
What is the hundreds digit of 1590?
5
What is the thousands digit of 68695?
8
What is the units digit of 63953?
3
What is the units digit of 7338?
8
What is the units digit of 17390?
0
What is the tens digit of 1282?
8
What is the hundreds digit of 1037?
0
What is the hundreds digit of 86570?
5
What is the tens digit of 14428?
2
What is the hundreds digit of 391?
3
What is the thousands digit of 3106?
3
What is the units digit of 156?
6
What is the hundreds digit of 218?
2
What is the thousands digit of 2161?
2
What is the thousands digit of 15137?
5
What is the hundreds digit of 166?
1
What is the hundreds digit of 16597?
5
What is the hundreds digit of 145763?
7
What is the tens digit of 1315?
1
What is the ten thousands digit of 19539?
1
What is the units digit of 2929?
9
What is the hundreds digit of 18686?
6
What is the thousands digit of 1072?
1
What is the hundred thousands digit of 184100?
1
What is the tens digit of 3673?
7
What is the units digit of 1710?
0
What is the units digit of 653?
3
What is the units digit of 5561?
1
What is the units digit of 3164?
4
What is the units digit of 1210?
0
What is the ten thousands digit of 21680?
2
What is the units digit of 8481?
1
What is the units digit of 44353?
3
What is the units digit of 883?
3
What is the units digit of 26173?
3
What is the hundreds digit of 25880?
8
What is the hundreds digit of 39765?
7
What is the units digit of 15581?
1
What is the units digit of 336?
6
What is the hundreds digit of 1337?
3
What is the hundreds digit of 15005?
0
What is the hundreds digit of 1937?
9
What is the units digit of 36568?
8
What is the tens digit of 5520?
2
What is the hundreds digit of 672?
6
What is the hundreds digit of 2632?
6
What is the ten thousands digit of 16677?
1
What is the tens digit of 269?
6
What is the hundreds digit of 2492?
4
What is the units digit of 6415?
5
What is the tens digit of 67619?
1
What is the tens digit of 29397?
9
What is the tens digit of 351?
5
What is the tens digit of 93?
9
What is the ten thousands digit of 13311?
1
What is the units digit of 974?
4
What is the hundreds digit of 1984?
9
What is the units digit of 1756?
6
What is the thousands digit of 12988?
2
What is the tens digit of 4107?
0
What is the units digit of 8627?
7
What is the thousands digit of 85198?
5
What is the thousands digit of 1997?
1
What is the hundreds digit of 1830?
8
What is the hundreds digit of 88876?
8
What is the units digit of 4751?
1
What is the units digit of 11582?
2
What is the ten thousands digit of 21491?
2
What is the tens digit of 4873?
7
What is the thousands digit of 3302?
3
What is the hundreds digit of 36857?
8
What is the units digit of 13823?
3
What is the units digit of 1408?
8
What is the thousands digit of 75967?
5
What is the tens digit of 7515?
1
What is the thousands digit of 29727?
9
What is the ten thousands digit of 18511?
1
What is the hundreds digit of 8623?
6
What is the units digit of 4112?
2
What is the tens digit of 940?
4
What is the ten thousands digit of 20481?
2
What is the hundreds digit of 113?
1
What is the thousands digit of 50904?
0
What is the tens digit of 1830?
3
What is the hundreds digit of 11938?
9
What is the units digit of 6902?
2
What is the hundreds digit of 1014?
0
What is the units digit of 3118?
8
What is the tens digit of 39659?
5
What is the thousands digit of 13208?
3
What is the hundreds digit of 334?
3
What is the units digit of 2651?
1
What is the thousands digit of 32184?
2
What is the hundreds digit of 28326?
3
What is the units digit of 1207?
7
What is the ten thousands digit of 122199?
2
What is the hundreds digit of 3361?
3
What is the thousands digit of 20864?
0
What is the hundreds digit of 8374?
3
What is the units digit of 130?
0
What is the ten thousands digit of 60780?
6
What is the thousands digit of 8428?
8
What is the units digit of 2515?
5
What is the ten thousands digit of 17900?
1
What is the thousands digit of 1120